 4*y + 2. Is i(-20) a composite number?
False
Suppose 0 = -0*u - 6*u + 76572. Suppose -28*b + u = -10*b. Is b a composite number?
False
Suppose 360 = 59*u - 23*u. Is 74/185 - (-77483)/u*2 a prime number?
True
Let p = 253417 - 103958. Is p a composite number?
False
Let c(z) = -z + 10. Let b be c(7). Suppose -4*r + 8145 = 3*x, x + b*x + 2060 = r. Suppose 108 = 4*l - r. Is l a composite number?
True
Let p be (64/16)/(-3 + 4). Suppose -1149 = p*q - 7*q - y, -1149 = -3*q - 5*y. Is q a prime number?
True
Let f(x) = -120*x - 61. Let c(j) = 360*j + 183. Let w(v) = 4*c(v) + 11*f(v). Is w(12) composite?
True
Suppose 4*l + 5*n = 6*n + 25, 4*l = -4*n. Suppose 3*g + 3*w = 16197, g + 987 = l*w + 6398. Is g composite?
True
Suppose 4843069 = 32*m - 13176291. Is m a prime number?
False
Suppose -g + 21535 - 18226 = -212356. Is g composite?
True
Suppose -134639 = -3*d - a, 2*a - 163728 = -5*d + 60669. Is d prime?
False
Is ((-95)/(-190))/(4/8 - 17376/34754) a composite number?
False
Suppose -4642 = -2*k + 5*j, 4*k + j - 9232 = -2*j. Suppose 0 = -3*p + 304 - k. Let y = p + 1422. Is y a composite number?
True
Let b be ((-4)/(-3))/(-2*2/(-24)). Suppose 5*s - b*j = -3*j + 12370, 5*s - 3*j - 12376 = 0. Is s a prime number?
True
Suppose -4*i + 28 - 24 = 0. Is -1 + 13772/i + 178/89 composite?
True
Let p(s) = 2*s**3 - 30*s**2 + 37*s + 11. Let a be p(20). Let y = -1752 + a. Is y a composite number?
False
Let p be (-2)/4 - 21/6. Let n be (-2)/((p/3)/2). Suppose 5*c - 273 = -3*v, 0 = -n*v + 5*c - 6*c + 273. Is v a prime number?
False
Let w(u) = 9*u**3 + 3*u**2 - u - 2. Suppose -3*p = -2*h - 2*h + 23, -5*p - 27 = -h. Let i be w(h). Let g = -41 + i. Is g composite?
True
Let h be 272/119 + (-4)/14*1. Suppose z + 3*u + 13614 = 4*z, h*z - u = 9072. Is z a prime number?
False
Let y(t) = 3074*t**2 + 72*t + 3. Is y(-3) a prime number?
False
Suppose 5*t = 5*o - 4*o + 172, 169 = 5*t - 2*o. Suppose -6*j = t*j - 37187. Is j prime?
True
Let g = -545 + 550. Suppose -4*w = -4*y - 55360, -g*y = -0 + 15. Is w a composite number?
True
Suppose 0 = -6*x + x + 10. Suppose -26*l + 22 = -15*l. Suppose -37 = -l*z + v, -20 = -z + x*v - 3*v. Is z a composite number?
False
Let l be 2/7 - 99/(-21). Suppose -l*p - 9058 + 25988 = 0. Suppose -p + 994 = -8*f. Is f a composite number?
True
Suppose 3*x - 705 - 4353 = 0. Let r = 2525 - x. Is r prime?
True
Let h = 15656 + -55. Is h a prime number?
True
Let k(x) = 7*x**2 + 24*x + 7. Let s be k(-31). Suppose -6*n + 8*n - 3*w = 11953, -3*w = n - s. Is n a prime number?
True
Suppose z + z + 17 = 5*p, 25 = 5*z + p. Let i be (5 + 1)*(-8)/(-16). Suppose -z*f = i*f - 6223. Is f composite?
True
Let f(p) = 8*p**3 + p**2 - 8*p - 5. Let d be f(5). Suppose 0 = -x + 29 + d. Is x a prime number?
True
Let w = 544 + 2607. Let h = 5124 - w. Is h prime?
True
Let g = -312654 - -551833. Is g a prime number?
True
Let g = 1023301 + -294308. Is g a prime number?
True
Suppose -30403 = -5*p - 3*v, -6*p - v + 12161 = -4*p. Suppose 2*l = -2*k + p, -28*k = -l - 27*k + 3034. Is l prime?
True
Let t(s) be the first derivative of -s**4/4 + 17*s**3/3 + 11*s**2/2 - 8*s - 4. Is t(-5) a prime number?
True
Suppose -795 - 1428 = -d + 5*k, 5*k = 5*d - 11195. Let w = 7230 - d. Is w prime?
True
Is (((-9317564)/(-8))/17)/(11/22) a composite number?
True
Suppose -4*t = -3*s + 5, -8*s + 4*s = 4*t + 12. Let n(o) = -47*o**3 - 200*o**3 - 4*o + 1 + 4*o**2 - 6*o**2 + 2*o. Is n(t) composite?
False
Let m(b) = -4*b**3 - 6*b**2 + b - 1. Let n be m(-2). Suppose -n = 5*p - 6*p. Suppose p*j - j - 2284 = 0. Is j composite?
False
Let l(f) = 1891*f**3 + 6*f**2 - f + 14. Let x(k) = -945*k**3 - 3*k**2 - 7. Let r(o) = 3*l(o) + 5*x(o). Is r(3) a composite number?
False
Let k = 180811 - 126030. Is k prime?
False
Let r(t) be the second derivative of -661*t**5/20 - t**4/12 + t**3/2 + 53*t**2/2 - 6*t + 4. Is r(-4) composite?
True
Suppose 3*j = 5*w + 90612, j - 6*j = -5*w - 151030. Is j composite?
True
Let b(s) = 13276*s + 1893. Is b(37) prime?
False
Let z(g) = 2*g**3 - 37*g**2 - 106*g + 11. Is z(30) a composite number?
True
Suppose -15*c + 11*c + 11408 = 2*a, -4*c = a - 5702. Let k = a + -2579. Is k a prime number?
False
Let w be 3508 + 42/(-7) + 2. Let u = -1967 + w. Is u prime?
False
Suppose -45*i + 22595464 - 7230734 = -10099825. Is i a composite number?
True
Let x be 3 + -1 + (-4)/((-8)/6). Suppose 0 = x*j + 14*j - 390317. Is j a composite number?
False
Let d(h) = h**2 - 8*h - 4. Let z be d(9). Suppose 3*i = -z*r + 6778, 2075 = 5*r - 5*i - 4695. Is r composite?
True
Let n = -18 - -36. Is n/(-153) - (-104)/17 a composite number?
True
Let c be 55/(-15) + 2/(-6). Let r(y) = y - 6. Let h be r(-11). Is h/68 + (-1)/c + 1657 composite?
False
Let n(l) = -28*l - 22 - l**3 + 20*l**2 - 7*l**2 - 5*l**2 - 43*l. Is n(-20) a composite number?
True
Let b(s) be the first derivative of 3*s**4/2 - 4*s**3/3 - s**2 + 7*s + 2. Suppose a - 7 = 2*n, 49*a + 4*n = 44*a + 21. Is b(a) a prime number?
True
Let b(v) = -v**3 - 9*v**2 + v + 11. Let u be b(-9). Suppose -u*w - 3*k = -9493, w + 23752 = 6*w + k. Is w composite?
False
Suppose -3 = h - 2*r, 0 = h + 2*h + 4*r - 21. Let q be (-2 - 1)*(h - (-1880)/(-6)). Suppose -967 = -2*w + q. Is w a composite number?
True
Suppose 105385 = 5*u - 5*a, 12237 = 5*u - a - 93144. Suppose 2*j - 26345 = -5*p, -4*p = -49*j + 52*j - u. Is p prime?
False
Let i(l) = l**2 + 3*l + 2153. Let x = 18 - 19. Let t be (-11 - -11)*(x - -2). Is i(t) a prime number?
True
Let p be 272/(-476) + (348/7)/3. Is 53634/7 - (9 - p) a composite number?
False
Suppose 37*c = 53*c + 52592. Let n = c - -9774. Is n a prime number?
False
Let r be 20980/(-17) - 20/(-170). Let p = r - -3267. Is p prime?
False
Let v = -95044 - -167477. Is v composite?
True
Is (-403130)/(-819) + 8/18 + 1/3 prime?
False
Suppose 300*r - 15*r - 50049582 = -69*r. Is r a prime number?
False
Is 37397/((-1)/126*-18) prime?
False
Suppose -20*g - 720 = 120. Is (-59496)/(-21) + 6/g prime?
True
Suppose -39*s + 37*s + 104032 = 2*t, 2*t + s = 104025. Is t prime?
True
Let z(g) = 166*g**2 + 27*g + 169. Let h be z(-6). Is (22/(-12) - (-1)/(-6)) + h composite?
False
Let s = -7 + -2. Let v(c) = -c**3 + 6*c**2 + 1. Let b be v(5). Let f = b - s. Is f a prime number?
False
Let z = 73769 - 193431. Is 21/(-28) - z/8 composite?
False
Let j = -389 + 389. Suppose -53 + 69 = 4*u, -4*v + u + 13504 = j. Is v composite?
True
Let m(f) be the third derivative of 2/15*f**5 - 13/24*f**4 + 0*f + f**2 + 4/3*f**3 + 0. Is m(5) composite?
True
Suppose -5*j = -4*h + 767144, -3*j - 616161 = -5*h + 342782. Is h a composite number?
False
Suppose -5*x + 505959 = 2*c, -78*x + 404777 = -74*x + 3*c. Is x a composite number?
True
Let g be -1*9149/(-35) - (-4)/(-10). Suppose s - 461 - g = v, -2*s + 1449 = -3*v. Is s a prime number?
False
Let p(g) = 13626*g + 797. Is p(16) a composite number?
True
Let r = -12229 + 22640. Is r a prime number?
False
Suppose 4*q = -4*q + 192. Let k be ((-6)/(-18))/(2/q). Suppose 1173 = 2*v + 2*t - 841, 3035 = 3*v - k*t. Is v composite?
False
Let m(j) = -749*j - 62*j - 381*j + 32 + 23. Is m(-13) a prime number?
True
Suppose -5*l + 17124 = -2*j, 5*l + 34 = -4*j - 34274. Let u = j - -15041. Is u a composite number?
False
Suppose -40 = -4*r - 28. Suppose 3 = p, -9 = -r*t - 4*p - 0. Is (t - -873) + (-5 - -4) prime?
False
Let s(o) = -o**3 + 6*o**2 - 6*o + 3. Let z be s(2). Let j(g) = 29*g**2 - 18*g + 44. Is j(z) prime?
False
Let n = -40934 + 127433. Suppose -k - 20*k = -n. Is k a composite number?
True
Let s be ((-32)/(-20))/((-18)/(-45)). Suppose y = -4*f + 3630, -6*f + s*y = -2*f - 3620. Is f prime?
True
Suppose 5*g + 5*q + 7665 = 0, -9 = q - 4. Let c = 2163 + g. Suppose -26*p - c = -31*p. Is p a prime number?
True
Let x = -12 + 31. Let a(n) = 2 - 6*n + 3*n + x*n**2 + 2*n + 3*n. Is a(-2) a prime number?
False
Suppose 3*z - 7911 = -5*d, 1 = -d + 4. Let t = -1271 + z. Is t a composite number?
False
Let p(z) be the first derivative of -z**4/4 - 2*z**3 - 10*z**2 - 104*z + 38. Is p(-21) prime?
False
Let g = -174 + 66. Let k = 93 + g. Is (-158)/3*k + -1 a prime number?
False
Suppose 12*d - 10*d = l + 35, -4*d + 55 = 3*l. Is 43096/d*(-1 - -3) composite?
False
Let f(g) = -g**2 - 16*g - 10. Let m be f(-15). Suppose 4*r = -m*o - 11954, -r = -0*r + o + 2988. Is r/(-7) + (-9)/(-21) composite?
Tru